actor of 60 and b.
12
Let c be (126/(-4))/(8/(-64)). Let b be ((21/(-2))/((-18)/(-36)))/(6/(-16)). Calculate the greatest common factor of c and b.
28
Let d be (2 - 0)/(-2) - (-111 - 1). Let k = d - 86. Calculate the greatest common factor of k and 425.
25
Let l be (-32 - -17) + 322 - -11. What is the highest common factor of l and 27?
3
Suppose 56*v = 62*v - 264. Suppose -127 = -4*j - 5*u, 0 = -j + 4*u - 3*u + 34. Calculate the highest common factor of j and v.
11
Let v(u) be the first derivative of -u**2/2 + 32*u - 5. Let n be v(14). Suppose 0 = 3*b - 42 - n. What is the highest common factor of 220 and b?
20
Suppose -3*u = -9*u + 192. Suppose -6*w + u = 4*k - 8*w, -2*k + 22 = 2*w. What is the highest common factor of 126 and k?
9
Let q(b) = 8*b**2 + 52*b - 572. Let l be q(9). What is the highest common divisor of l and 40?
8
Suppose 1104 = w + 3*z, -5*w = 365*z - 369*z - 5482. What is the highest common factor of w and 244?
122
Let y be (-2)/5 + 84/10. Suppose 218*r + 43*r - 207968 = -127*r. What is the highest common divisor of y and r?
8
Let p be -1*3*(-14)/21 - -8. Suppose 5*m + p*u - 35 = 5*u, 2*m = -4*u + 18. Let w = 24 - 4. What is the highest common factor of m and w?
5
Suppose 3*f + 224 = 7*f. Let g(l) = 4*l**2 + 73*l - 48. Let s be g(-24). What is the highest common factor of f and s?
56
Let j = -18 + 257. Let t = j - 171. Let k = t + -50. Calculate the highest common factor of k and 18.
18
Let f(t) = 4*t - 29. Let u be f(8). Suppose -4*w - 95 = -u*z - 1134, z = 5*w - 1285. Let g = 376 - w. What is the greatest common factor of 24 and g?
24
Suppose 0 = 7*s + 8*s - 161 - 469. What is the highest common factor of s and 57162?
42
Let k be 2/(-5) + 681/15. Suppose 13*x - 1325 = 716. Let b = x - 148. What is the highest common factor of b and k?
9
Let i = -535775 + 536495. Suppose -5*p + 450 = 7*g - 2*g, -g + 90 = 3*p. What is the greatest common factor of g and i?
90
Suppose 3*n + 84 - 90 = 0. Suppose -2*m + 216 = n*m. Calculate the greatest common factor of 27 and m.
27
Let i = 1071 + -272. What is the greatest common divisor of i and 51?
17
Suppose -h + 9 = -c, 8*c = 6*c - h - 9. Suppose -32 = -2*q + 30. Let l = q + c. What is the greatest common factor of 125 and l?
25
Let r(l) = 5*l**2 - 29*l - 120. Let b be r(-17). Calculate the highest common factor of b and 808.
202
Let z = 2424 - 2298. Calculate the highest common divisor of 672 and z.
42
Let s be (-5922)/(-30) - 22/55. Let t = -99 + s. What is the highest common factor of t and 1568?
98
Suppose -183 - 29 = 4*x. Let v = x + 376. Calculate the greatest common factor of 19 and v.
19
Let i be 60/(-100) - (-13)/5. Suppose -i*s = 6 - 10. Let l be (-2 - (1 - s))*(-3)/1. What is the greatest common factor of 3 and l?
3
Suppose 0 = -4*y - y + 25. Let u be (4/8)/((-3)/(-6)). Let r(f) = 56*f**3 - f**2 - f + 1. Let x be r(u). What is the highest common divisor of x and y?
5
Suppose -295*g - 547 = -23*g - 1907. Let q be (2/(-4))/((-2)/8). Suppose g*h = -5*j + 70, 6*j - 9*j + 52 = -q*h. What is the highest common divisor of 28 and j?
4
Suppose z + 48 = 58. Let x = 13 + -11. Calculate the highest common divisor of z and x.
2
Let l = 2 - 2. Let s(m) = m**2 + 112. Let w be s(l). Let x be 11564/784 + 6/(-8). Calculate the greatest common divisor of x and w.
14
Let n be ((-108)/20 - -3)*8125/(-130). Calculate the highest common divisor of n and 30.
30
Suppose w - 98 = -0*w. Suppose 0 = -1187*i + 1175*i + 504. What is the highest common divisor of w and i?
14
Suppose -6*r + 8 = -4*r - 2*o, r = 2*o + 4. Suppose r*k = -5*k + 351. Let j = -10 - -23. What is the greatest common divisor of k and j?
13
Let m(n) = -n**3 + 3*n**2 + 2*n. Let o be m(3). Suppose 0 = 12*s + 2*s + 1862. Let y = s + 187. Calculate the greatest common factor of y and o.
6
Suppose 19*j - 71*j + 3016 = 0. Calculate the highest common divisor of j and 2755.
29
Let z be 98 - 1/(4/10*210/504). Calculate the greatest common factor of 12052 and z.
92
Let a be 4/((-247)/(-38) - 6). Let d(z) = -z + 4. Let f be d(0). Calculate the highest common divisor of f and a.
4
Let r be (-8)/((-16)/10) - (-105 + 5)/4. Let d be 0/1 - (-69 + -1). Calculate the highest common divisor of r and d.
10
Let h be (-342)/95*-5*(-401)/(-3). Calculate the highest common factor of h and 6.
6
Let m = 1198 + -821. Suppose -6*x + m = -415. Calculate the highest common divisor of x and 12.
12
Let p = -9529 + 10187. What is the highest common divisor of p and 28?
14
Suppose -217*g + 1176 = 4*m - 222*g, m - 5*g = 309. Suppose -4*h - 57 = -4*z + 19, 0 = -z + 5*h + 27. What is the greatest common divisor of m and z?
17
Let y(v) = -2*v - 3. Let o be y(-4). Suppose -d + 20 = q - 0*d, q = 2*d + o. Let g = -2917 + 2922. Calculate the highest common divisor of q and g.
5
Suppose -9*p + 33 = -3. Let u(j) = j**3 - 4*j**2 + 4*j - 1. Let l be u(p). Calculate the greatest common factor of 60 and l.
15
Let v = 208 - 194. What is the greatest common divisor of 1043 and v?
7
Let r(x) = 3*x**3 + x**2 + 7*x - 16. Suppose 59 = 15*y + 29. Let i be r(y). Calculate the greatest common factor of 91 and i.
13
Suppose b - 4*b - 29420 = -5*f, 2*f = -2*b - 19640. Let q be (b/4)/(0 + 3/12). Let d be q/(-52) - (-2)/8. Calculate the highest common divisor of 21 and d.
21
Let q = -871 - -3223. What is the greatest common divisor of q and 96?
48
Let s be 10/(-4)*24/(-5). What is the highest common factor of s and 2388?
12
Let v(z) = z + 11. Let f be v(6). Suppose -3*k = 351 - 1593. Let y = k - 227. What is the greatest common factor of f and y?
17
Suppose 2*h + s = 9, 2*s + 18 = h + 6. Let j = h + 0. Calculate the highest common divisor of 39 and j.
3
Suppose -2*s + 0*s = -3*g + 358, -2*g - 378 = 2*s. Let n = 203 + s. Calculate the greatest common divisor of 144 and n.
18
Let b(u) = 137*u**2 + 21*u - 91. Let j be b(4). What is the greatest common divisor of 10 and j?
5
Let d be -286 + 3 + (0 - 2). Let t = 97 + d. Let i = t - -276. What is the highest common factor of i and 8?
8
Let u(n) = 319*n + 1999. Let j be u(-6). What is the greatest common factor of 42755 and j?
85
Let s be ((-220)/(-66))/(3/(-63)). Let m be 24/((-7)/(s/4)). Calculate the greatest common divisor of 220 and m.
20
Let b = 250 + -251. Let q(l) = -575*l + 1. Let s be q(b). What is the highest common divisor of s and 36?
36
Suppose 2*t + 3*x = 79, -t + 188 = 3*t - 4*x. Let u = -47 + t. Let f be (u - (-4)/2)*(2 - 4). Calculate the greatest common factor of 1 and f.
1
Suppose 0 = -4*p - c - 28, 2*p + 13*c = 12*c - 16. Let i be (-279)/(-62)*(-76)/p. Calculate the greatest common divisor of 399 and i.
57
Let q = -130 + 218. Let a = 278 + -183. Suppose 5*b - 5*z = -35 + a, 5*z + 38 = 3*b. Calculate the highest common factor of b and q.
11
Let c(m) = -m**2 + 40*m - 287. Let y be c(14). What is the highest common factor of 2321 and y?
11
Suppose 4046*w - 4061*w = -270. What is the highest common factor of 48 and w?
6
Suppose -7*k = -5*k + k. Suppose 4*p - 26 = -3*j, 0 = -k*j + 5*j - 2*p. Let i be j*(-1 - (-22)/4). Calculate the highest common factor of i and 6.
3
Let x = 131 - 135. Let z be -4 - -1 - (-10 - x). Suppose -4*i + k + 495 = -4*k, -z*k = i - 111. What is the highest common divisor of i and 24?
24
Let t be (-30)/(-2)*(-2 + 41 + 6 + -8). What is the highest common factor of 74 and t?
37
Let x = -16337 + 16352. Calculate the greatest common factor of 441 and x.
3
Suppose 14 = 5*x + 64. Let r be (x*1)/(1/(24/(-8))). Suppose -8 = -2*k + 32. Calculate the highest common factor of k and r.
10
Let s(h) = -7*h - 8*h**3 + 4*h**2 + 6 + h + 7*h**3 + 0*h**2. Let b be s(2). Let w be (3*20/(-75))/(b/(-35)). What is the highest common divisor of w and 112?
14
Suppose 3259 = 17*w + 879. Calculate the highest common divisor of w and 84.
28
Let b be (15/10)/(152/(-684) - (-2)/8). Suppose 3*o = j - 2*o - 7, -2*j = -4*o - 2. Let h = -1 - j. What is the greatest common divisor of b and h?
2
Let o = 1752 - 563. Let y(f) = 15*f - 1. Let q be y(2). What is the highest common factor of q and o?
29
Let c be 2490/75*(2 + 113). Calculate the highest common divisor of c and 2.
2
Let z be ((-81)/9)/((-3)/5). Suppose -2*u = -16*a + z*a + 139, -4*a + u = -584. What is the greatest common divisor of a and 63?
21
Let i be (-1 - (15 + 0))*(-2)/(-4). Let g(